{"id":154,"date":"2021-01-26T10:22:54","date_gmt":"2021-01-26T09:22:54","guid":{"rendered":"http:\/\/localhost\/ordinechimicifisicirc\/?page_id=154"},"modified":"2021-01-27T17:05:44","modified_gmt":"2021-01-27T16:05:44","slug":"archivio-notizie-2012-2011","status":"publish","type":"page","link":"https:\/\/www.ordinechimicicalabria.it\/?page_id=154","title":{"rendered":"Archivio notizie 2012 &#8211; 2011"},"content":{"rendered":"\n<p>&nbsp;15-03-2012 &#8211;&nbsp;Corso teorico-pratico per l&#8217;assaggio dell&#8217;Olio d&#8217;Oliva&nbsp;<\/p>\n\n\n\n<p>02-12-2011 &#8211;&nbsp;Avviso pubblico per l&#8217;inserimento di giovani disoccupati\/inoccupati&nbsp;<\/p>\n\n\n\n<p>25-11-2011 &#8211;&nbsp;Offerta lavoro per un Chimico&nbsp;<\/p>\n\n\n\n<p>06-11-2011 &#8211;&nbsp;Premio Anassilaos &#8211; sabato 12 novembre Palazzo della Regione&nbsp;<\/p>\n\n\n\n<p>03-11-2011 &#8211;&nbsp;26-11-2011 La valutazione statistica del dato analitico &#8211; tra pratica e teoria<\/p>\n\n\n\n<p>24-07-2011 &#8211;&nbsp;L\u2019ordine rimarr\u00e0 chiuso per tutto il mese di Agosto. Per urgenze chiamare al 3497887915&nbsp;<\/p>\n\n\n\n<p>25-06-2011 &#8211;&nbsp;4\u00b0 Forum sulla Balneazione&nbsp;<\/p>\n\n\n\n<p>25-06-2011 &#8211;&nbsp;Convegno\/Corso organizzato dall\u2019Ordine di Matera&nbsp;<\/p>\n\n\n\n<p>23-06-2011 &#8211;&nbsp;Insetti battono agenti chimici, I fiori salvati dai mangiaparassiti&nbsp;<\/p>\n\n\n\n<p>18-05-2011 &#8211;&nbsp;Anno Internazionale della Chimica 2011<\/p>\n\n\n\n<hr class=\"wp-block-separator\"\/>\n\n\n\n<p>15-03-2012&nbsp;&#8211;&nbsp;<strong>Corso teorico-pratico per l&#8217;assaggio dell&#8217;Olio d&#8217;Oliva<\/strong><\/p>\n\n\n\n<p>Si informa che l\u2019Ordine dei Chimici della Calabria ha organizzato un corso teorico pratico per il Conseguimento dell\u2019attestato di idoneit\u00e0<br>fisiologica ai sensi della Circolare Mi.P.A.A.F. n. 5 del 18 giugno 1999 e dell\u2019All. XII al Reg. CEE n. 2568\/91 sull\u2019assaggio del\u2019Olio di<br>Oliva.<\/p>\n\n\n\n<p>Il corso \u00e8 rivolto a 25 allievi ed ha l\u2019obiettivo di qualificare aspiranti assaggiatori di oli vergini di oliva.<\/p>\n\n\n\n<p>La programmazione dei momenti formativi e di verifica \u00e8 stata operata conformemente a quanto previsto dalle norme nazionali ed<br>internazionali vigenti in materia di formazione di assaggiatori di olio vergine d\u2019oliva.<\/p>\n\n\n\n<p>In particolare, \u00e8 stata adottata come riferimento la Circolare Mi.P.A.A.F. n. 5 del 18 giugno 1999, che regola le &#8216;modalit\u00e0 di<br>controllo sugli oli a DOP e ad IGP, modalit\u00e0 d\u2019iscrizione nell\u2019elenco nazionale di tecnici ed esperti degli oli extravergini e vergini e<br>dell\u2019organizzazione dei corsi per assaggiatori di olio&#8217;.<br>Si ricorda che la preiscrizione \u00e8 obbligatoria entro il 15 marzo, i criteri di selezione dei discenti sar\u00e0 fatta in ordine cronologico<br>dalla data di preiscrizione.<\/p>\n\n\n\n<p>La segreteria<br>Ordine dei Chimici della Calabria<\/p>\n\n\n\n<p>Scarica l&#8217;<a href=\"http:\/\/www.ordinechimicicalabria.it\/portale2018\/allegati\/20120315001637.pdf\">allegato<\/a><\/p>\n\n\n\n<p>&#8212;&#8212;&#8212;&#8212;&#8212;&#8212;&#8212;&#8212;&#8212;&#8212;&#8212;&#8212;&#8212;&#8212;&#8212;&#8212;&#8212;&#8212;&#8212;&#8212;&#8212;&#8212;&#8212;&#8212;&#8212;&#8212;&#8212;&#8212;&#8212;&#8212;&#8212;&#8212;&#8212;&#8212;-<br>02-12-2011 &#8211;&nbsp;<strong>Avviso pubblico per l&#8217;inserimento di giovani disoccupati\/inoccupati<\/strong><br>Si comunica che sul BURC n. 46 del 18.11.2011 &#8211; Parte III \u00e8 stato pubblicato il Decreto n. 14201 del 14.11.2011 avente ad oggetto: &#8220;POR Calabria FSE 2007\/2013.<br>Asse II Ob. E1 &#8211; E2; Asse III Ob. G1. Approvazione:<br>a) avviso pubblico per l&#8217;assegnazione di una dote per la realizzazione di un percorso integrato finalizzato all&#8217;inserimento di disoccupati\/inoccupati<br>laureati nel mercato del lavoro;<br>b) Manifestazione d&#8217;interesse per l&#8217;individuazione dei datori di lavoro disponibili ad ospitare i beneficiari della dote per la realizzazione di un<br>percorso integrato finalizzato all&#8217;inserimento del mercato del lavoro.<\/p>\n\n\n\n<p>PS: COMUNICATO URGENTE DEL 21\/11\/2011<\/p>\n\n\n\n<p>Si comunica che per motivi tecnici di semplificiazione e digitazione l&#8217;indirizzo email indicato nell&#8217;avviso \u00e8 stato modificato.<br>Pertanto, tutte le domande dovranno essere indirizzate alla seguente casella email: dote.lavori.regolari@regcal.it<\/p>\n\n\n\n<p>Nel caso in cui sia stata gi\u00e0 inoltrata la documentazione all&#8217;indirizzo di posta elettronica precedentemente indicato nell&#8217;avviso o ad altro indirizzo non corretto (compresa la pec del dipartimento), dovr\u00e0 essere ritrasmessa la documentazione solo ed esclusivamente alla suddetta casella email, sia nel caso si tratti di domande di partecipazione da parte dei laureati\/disoccupati sia per la manifestazione d&#8217;interesse dei datori di lavoro.<br>Ovviamente, restano interamente confermate tutte le modalit\u00e0 di partecipazione contenute nell&#8217;avviso pubblico, ivi compreso l&#8217;invio del materiale cartaceo.<br>Infatti, per come indicato nell&#8217;avviso pubblico all&#8217;art. 6 (Modalit\u00e0 di partecipazione al bando) &#8220;la domanda deve essere inviata esclusivamente a mezzo raccomandata postale con ricevuta di ritorno entro e non oltre il 30\u00b0 giorno dalla data di pubblicazione [&#8230;.omissis&#8230;..]. La compilazione e l&#8217;invio via email della domanda e della relativa documentazione non costituisce certificazione di presentazione dell&#8217;istanza&#8221;.<\/p>\n\n\n\n<p>Scarica l&#8217;<a href=\"http:\/\/www.ordinechimicicalabria.it\/portale2018\/allegati\/20111202082739.zip\">allegato<\/a><\/p>\n\n\n\n<p>&#8212;&#8212;&#8212;&#8212;&#8212;&#8212;&#8212;&#8212;&#8212;&#8212;&#8212;&#8212;&#8212;&#8212;&#8212;&#8212;&#8212;&#8212;&#8212;&#8212;&#8212;&#8212;&#8212;&#8212;&#8212;&#8212;&#8212;&#8212;&#8212;&#8212;&#8212;&#8212;&#8212;&#8212;-<br>25-11-2011 &#8211;&nbsp;<strong>Offerta lavoro per un Chimico<\/strong><br>Si da comunicazione di ricerca di personale chimico.<\/p>\n\n\n\n<p>Societa: Gi Group S.p.a.<\/p>\n\n\n\n<p>Sede di lavoro: Regione Calabria &#8211; Cosenza provincia &#8211; SAN MARCO ARGENTANO<\/p>\n\n\n\n<p>Descrizione: 1 Chimico<\/p>\n\n\n\n<p>Posizione: Il candidato ideale dovr\u00e0 occuparsi delle analisi di matrici ambientali ed alimentari.<\/p>\n\n\n\n<p>Requisiti: Il candidato deve essere in possesso di una Laurea In Chimica con iscrizione all&#8217;albo, autonomo, predisposto ai rapporti interpersonali e con spiccate doti di leadership; deve aver maturato, inoltre, una significativa esperienza relativa all&#8217;utilizzo di tecniche analitiche su Gas Massa,<br>Spettrofotometro AA e Gascromatografia.<\/p>\n\n\n\n<p>Sede di lavoro: San Marco Argentano (CS).<\/p>\n\n\n\n<p>Per candidarsi: Filiale di Reggio Calabria, Via Giulia 31, Tel: 0965 324147, Fax: 0965 300721, email: reggiocalabria.giulia@gigroup.it<\/p>\n\n\n\n<p>Tipo di contratto: Somministrazione a tempo determinato<\/p>\n\n\n\n<p>n.b. l&#8217;Ordine dei Chimici si occupa solo di veicolare le informazioni reperite su web o tramite segnalazioni dirette delle aziende di ricerca del personale.<\/p>\n\n\n\n<p>&#8212;&#8212;&#8212;&#8212;&#8212;&#8212;&#8212;&#8212;&#8212;&#8212;&#8212;&#8212;&#8212;&#8212;&#8212;&#8212;&#8212;&#8212;&#8212;&#8212;&#8212;&#8212;&#8212;&#8212;&#8212;&#8212;&#8212;&#8212;&#8212;&#8212;&#8212;&#8212;&#8212;&#8212;-<br>06-11-2011 &#8211;&nbsp;<strong>Premio Anassilaos &#8211; sabato 12 novembre Palazzo della Regione<\/strong><br>Sabato 12 novembre presso il Palazzo del Consiglio Regionale &#8211; Sala Calipari.<\/p>\n\n\n\n<p>Si rinnova anche quest\u2019anno l\u2019ormai tradizionale appuntamento con il Premio Anassilaos, giunto alla sua 23a edizione, nonostante la grave crisi economica che ha comportato una drastica riduzione dei contributi alla cultura, determinando la sospensione di alcune importanti iniziative, e imposto una severa riduzione delle spese.<br>Pur affrontando non pochi sacrifici, non si poteva rinunciare ad una manifestazione che in questi anni ha conseguito, edizione dopo edizione, il sostegno delle Istituzioni, l\u2019apprezzamento di tanti studiosi italiani ed europei, la vicinanza sollecita di tanti amici.<\/p>\n\n\n\n<p>&#8211; Commento del Presidente Anassilaos Stefano Iorfrida<\/p>\n\n\n\n<p>in allegato la brocure dell&#8217;evento.<\/p>\n\n\n\n<p>Scarica l&#8217;<a href=\"http:\/\/www.ordinechimicicalabria.it\/portale2018\/allegati\/20111106201623.pdf\">allegato<\/a><\/p>\n\n\n\n<p>&#8212;&#8212;&#8212;&#8212;&#8212;&#8212;&#8212;&#8212;&#8212;&#8212;&#8212;&#8212;&#8212;&#8212;&#8212;&#8212;&#8212;&#8212;&#8212;&#8212;&#8212;&#8212;&#8212;&#8212;&#8212;&#8212;&#8212;&#8212;&#8212;&#8212;&#8212;&#8212;&#8212;&#8212;-<br>03-11-2011 &#8211;&nbsp;<strong>26-11-2011 La valutazione statistica del dato analitico &#8211; tra pratica e teoria<\/strong><\/p>\n\n\n\n<p>I professionisti che ogni giorno si trovano a redigere, controllare, gestire referti analitici di qualunque genere, si trovano anche a valutare aspetti statistici su come sono stati trattati i dati ottenuti prima di essere pubblicati su un referto ufficiale di analisi.<\/p>\n\n\n\n<p>Pertanto i termini come:<br>Selettivit\u00e0 &#8211; Limite di rilevabilit\u00e0 &#8211; Limite di quantificazione &#8211; Intervallo di lavoro e intervallo di linearit\u00e0 &#8211; Precisione (ripetibilit\u00e0 e riproducibilit\u00e0) &#8211; Accuratezza &#8211; Sensibilit\u00e0 &#8211; Robustezza &#8211; Recupero &#8211; Incertezza.<br>Sono elementi di base per poter affrontare delle determinazioni analitiche in \u201cqualit\u00e0\u201d nel pieno rispetto di norme e standard riconosciuti a livello internazionale come UNI EN ISO 9001:2008 e ISO\/IEC 17025:2005.<\/p>\n\n\n\n<p>L\u2019obiettivo del convegno \u00e8 quello di:<br>dare degli elementi formativi ai discenti sulle tecniche statistiche applicate alle determinazioni analitiche;<br>sensibilizzare le aziende ed i professionisti del settore verso una corretta assicurazione qualit\u00e0 dei dati analitici prodotti.<\/p>\n\n\n\n<p>Scarica l&#8217;<a href=\"http:\/\/www.ordinechimicicalabria.it\/portale2018\/allegati\/20111103220451.pdf\">allegato<\/a><\/p>\n\n\n\n<p>&#8212;&#8212;&#8212;&#8212;&#8212;&#8212;&#8212;&#8212;&#8212;&#8212;&#8212;&#8212;&#8212;&#8212;&#8212;&#8212;&#8212;&#8212;&#8212;&#8212;&#8212;&#8212;&#8212;&#8212;&#8212;&#8212;&#8212;&#8212;&#8212;&#8212;&#8212;&#8212;&#8212;&#8212;-<br>24-07-2011 &#8211;&nbsp;<strong>L\u2019ordine rimarr\u00e0 chiuso per tutto il mese di Agosto. Per urgenze chiamare al 3497887915<\/strong><\/p>\n\n\n\n<p>L\u2019Ordine rimarr\u00e0 chiuso per tutto il mese di Agosto. Per urgenze chiamare al 349.7887915.<\/p>\n\n\n\n<p>Vi auguriamo una buona vacanza.<\/p>\n\n\n\n<p>&#8212;&#8212;&#8212;&#8212;&#8212;&#8212;&#8212;&#8212;&#8212;&#8212;&#8212;&#8212;&#8212;&#8212;&#8212;&#8212;&#8212;&#8212;&#8212;&#8212;&#8212;&#8212;&#8212;&#8212;&#8212;&#8212;&#8212;&#8212;&#8212;&#8212;&#8212;&#8212;&#8212;&#8212;-<br>25-06-2011 &#8211;&nbsp;<strong>4\u00b0 Forum sulla Balneazione<\/strong><\/p>\n\n\n\n<p>Si informano i Colleghi Chimici, che giorno 30 giugno 2011 ci sar\u00e0 il 4\u00b0Forum sulla Balneazione presso la Sala &#8220;Giuditta Levato&#8221; del Consiglio Regionale della Calabria, in via Cardinale Portanova a Reggio Calabria.<\/p>\n\n\n\n<p>Scarica l&#8217;<a href=\"http:\/\/www.ordinechimicicalabria.it\/portale2018\/allegati\/20110625110155.jpg\">allegato<\/a><\/p>\n\n\n\n<p>&#8212;&#8212;&#8212;&#8212;&#8212;&#8212;&#8212;&#8212;&#8212;&#8212;&#8212;&#8212;&#8212;&#8212;&#8212;&#8212;&#8212;&#8212;&#8212;&#8212;&#8212;&#8212;&#8212;&#8212;&#8212;&#8212;&#8212;&#8212;&#8212;&#8212;&#8212;&#8212;&#8212;&#8212;-<br>25-06-2011 &#8211;&nbsp;<strong>Convegno\/Corso organizzato dall\u2019Ordine di Matera<\/strong><\/p>\n\n\n\n<p>Si informano tutti gli iscritti del Convegno\/Corso organizzato dall\u2019Ordine di&nbsp; Matera dal titolo: La Sicurezza nei Luoghi di Lavoro: il ruolo del Chimico.<br>In allegato la relativa Brochure<\/p>\n\n\n\n<p>Scarica l&#8217;<a href=\"http:\/\/www.ordinechimicicalabria.it\/portale2018\/allegati\/20110625110621.doc\">allegato<\/a><\/p>\n\n\n\n<p>&#8212;&#8212;&#8212;&#8212;&#8212;&#8212;&#8212;&#8212;&#8212;&#8212;&#8212;&#8212;&#8212;&#8212;&#8212;&#8212;&#8212;&#8212;&#8212;&#8212;&#8212;&#8212;&#8212;&#8212;&#8212;&#8212;&#8212;&#8212;&#8212;&#8212;&#8212;&#8212;&#8212;&#8212;-<br>23-06-2011 &#8211;&nbsp;<strong>Insetti battono agenti chimici, I fiori salvati dai mangiaparassiti<\/strong><br>Fonte il Corriere del Mezzogiorno<\/p>\n\n\n\n<p>Gli esperti del Consorzio per lo sviluppo della floricoltura presentano i risultati di uno studio sulla lotta biologica<\/p>\n\n\n\n<p>NAPOLI &#8211; Insetti predatori contro i parassiti, per preservare le piante e non inquinare con pesticidi e fitofarmaci il terreno. Si chiama lotta biologica e rappresenta una valida alternativa al ricorso massiccio ai prodotti chimici, quelli che tendono ad accumularsi nell\u2019ecosistema e provocano danni alle specie animali e all\u2019uomo. Gioved\u00ec 23 ad Ercolano gli esperti del Consorzio per lo sviluppo della floricoltura nel Meridione presentano i risultati di uno studio sulla lotta biologica ai parassiti delle rose che \u00e8 stato condotto nei tre centri florovivaistici di Napoli(quartiere Ponticelli), Eboli e Salerno.<\/p>\n\n\n\n<p>Una esperienza estremamente positiva, che testimonia ancora una volta fino a che punto possano essere efficaci questi sistemi \u201cdolci\u201d di contrasto ai parassiti. Dice Salvatore Colonna, presidente del consorzio:\u201dL\u2019utilizzo di insetti predatori per i principali parassiti della rosa, ad esempio ragnetto rosso, mosca bianca, tripide, ci ha consentito di ridurre l\u2019inquinamento dei terreni (7 volte in meno la presenza di pesticidi per ettaro) e di offrire migliori condizioni di salute ai lavoratori\u201d. La lotta biologica conviene, insomma, ed \u00e8 il futuro.<br>L\u2019unione europea, infatti, con la direttiva numero 128 del 21 ottobre 2009, ha imposto ai paesi membri di ridurre entro il 2014 l\u2019utilizzo di pesticidi in agricoltura. \u201cDal 2008\u201d, prosegue Colonna, \u201cconfrontiamo l\u2019attivit\u00e0 di lotta biologica ai parassiti delle rose nel nostro centro florovivaistico di Ponticelli con quella chimica posta in essere da un\u2019azienda tradizionale. Ebbene: noi abbiamo impiegato solo 8 chili<br>di pesticidi su una superficie di duemila metri quadrati. L\u2019azienda tradizionale ne ha usati ben 56, su un\u2019area di pari dimensioni\u201d.<\/p>\n\n\n\n<p>C\u2019\u00e8 di pi\u00f9. Lo studio dimostra che la lotta chimica ai parassiti costringe i floricoltori ad utilizzare fitofarmaci sulle piante anche 4 \u2013 5 giorni alla<br>settimana. Quella integrata consente di ridurre i trattamenti anche dell\u2019ottanta per cento\u201d. Il tema sar\u00e0 affrontato gioved\u00ec 23 nell\u2019ambito di un<br>incontro tematico sulla rosa al quale parteciperanno le pi\u00f9 importanti aziende ibridatrici che operano nel mercato europeo. Queste ultime esporranno dalle 17.00 al mercato dei fiori di Ercolano le nuove variet\u00e0 di rosa del 2011.<\/p>\n\n\n\n<p>Fabrizio Geremicca<\/p>\n\n\n\n<p>&#8212;&#8212;&#8212;&#8212;&#8212;&#8212;&#8212;&#8212;&#8212;&#8212;&#8212;&#8212;&#8212;&#8212;&#8212;&#8212;&#8212;&#8212;&#8212;&#8212;&#8212;&#8212;&#8212;&#8212;&#8212;&#8212;&#8212;&#8212;&#8212;&#8212;&#8212;&#8212;&#8212;&#8212;-<br>18-05-2011 &#8211;&nbsp;<strong>Anno Internazionale della Chimica 2011<\/strong><\/p>\n\n\n\n<p>Celebrazione mondiale dei risultati della chimica e del suo contributo al benessere del genere umano.<\/p>\n\n\n\n<p>Visita il sito: (IYC 2011 \u2013 http:\/\/www.chemistry2011.org)<\/p>\n","protected":false},"excerpt":{"rendered":"&nbsp;15-03-2012 &#8211;&nbsp;Corso teorico-pratico per l&#8217;assaggio dell&#8217;Olio d&#8217;Oliva&nbsp; 02-12-2011 &#8211;&nbsp;Avviso pubblico per l&#8217;inserimento di giovani disoccupati\/inoccupati&nbsp; 25-11-2011 &#8211;&nbsp;Offerta lavoro per un Chimico&nbsp; 06-11-2011 &#8211;&nbsp;Premio Anassilaos &#8211; sabato 12 novembre Palazzo della Regione&nbsp; 03-11-2011 &#8211;&nbsp;26-11-2011 La valutazione [&hellip;]\n","protected":false},"author":1,"featured_media":0,"parent":0,"menu_order":0,"comment_status":"closed","ping_status":"closed","template":"","meta":[],"_links":{"self":[{"href":"https:\/\/www.ordinechimicicalabria.it\/index.php?rest_route=\/wp\/v2\/pages\/154"}],"collection":[{"href":"https:\/\/www.ordinechimicicalabria.it\/index.php?rest_route=\/wp\/v2\/pages"}],"about":[{"href":"https:\/\/www.ordinechimicicalabria.it\/index.php?rest_route=\/wp\/v2\/types\/page"}],"author":[{"embeddable":true,"href":"https:\/\/www.ordinechimicicalabria.it\/index.php?rest_route=\/wp\/v2\/users\/1"}],"replies":[{"embeddable":true,"href":"https:\/\/www.ordinechimicicalabria.it\/index.php?rest_route=%2Fwp%2Fv2%2Fcomments&post=154"}],"version-history":[{"count":4,"href":"https:\/\/www.ordinechimicicalabria.it\/index.php?rest_route=\/wp\/v2\/pages\/154\/revisions"}],"predecessor-version":[{"id":245,"href":"https:\/\/www.ordinechimicicalabria.it\/index.php?rest_route=\/wp\/v2\/pages\/154\/revisions\/245"}],"wp:attachment":[{"href":"https:\/\/www.ordinechimicicalabria.it\/index.php?rest_route=%2Fwp%2Fv2%2Fmedia&parent=154"}],"curies":[{"name":"wp","href":"https:\/\/api.w.org\/{rel}","templated":true}]}}